alculate the greatest common divisor of g and n.
26
Suppose 11*w - 280 = 3*w. Calculate the greatest common divisor of 14 and w.
7
Let q(s) = -s**3 + s**2 - 1. Let l(m) = -3*m**3 - 9. Let a(p) = l(p) - 4*q(p). Let v be a(5). What is the highest common divisor of 30 and v?
10
Let y(q) = 2*q - 1 - 23*q + 2. Let j be y(-1). What is the greatest common factor of 55 and j?
11
Let x(h) = -2*h - 6. Let u be x(-5). Suppose -3*g = -5*q - 6, -u*g + 0*g = 2*q - 8. Suppose q = 3*y + 3 - 27. What is the highest common factor of 40 and y?
8
Let z = -155 - -315. Suppose 0 = v + 3*v - z. Suppose i - 6*i + v = 0. Calculate the greatest common divisor of i and 40.
8
Let w = 18 + -3. Let g = 26 - w. Calculate the greatest common divisor of 55 and g.
11
Let m = -10 - -17. Suppose -10 = -2*b - 3*b + 5*w, -3*b + 5*w = 0. Suppose -4*j + b*j = 7. Calculate the greatest common divisor of j and m.
7
Let n be (32/(-20))/((-2)/5). Suppose -2*y - 4*f = -28, 0 = -y - f + n*f + 9. Calculate the greatest common divisor of 48 and y.
12
Let k be (-2)/(-5) - (-2192)/20. Calculate the greatest common factor of 10 and k.
10
Suppose w + 12 = 4*o, -4*o + 7*o + 25 = 5*w. Suppose -r - b = -31, r + 3*b = 7*b + 36. Calculate the highest common factor of w and r.
8
Let u(h) = h**2 + 20. Let v be u(0). Let y = -24 + 22. Let m be y/2 + v/2. Calculate the highest common divisor of 9 and m.
9
Suppose 5*r = 4*c + 850, -4*r - 109 = 4*c - 789. Calculate the greatest common divisor of r and 68.
34
Let l(v) = v**2 - 10*v + 3. Let i be l(11). Calculate the greatest common divisor of i and 2.
2
Let c be 2 + 0 + -1 + 0. Let m be c + (-1 + 0 - -27). Suppose -3*d = 15, m = b - 3*d - 2. What is the greatest common factor of 21 and b?
7
Let n be (4 - 1)*(-38)/(-6). Suppose -3*v + 14 = -n. What is the greatest common divisor of v and 55?
11
Let t(u) = 4 + 2*u**3 - 3*u - 3*u**2 + u - u**3 - u. Let n be t(4). What is the greatest common factor of n and 32?
8
Let h be (-6)/1*(-6)/4. Let x = 17 - h. Suppose 0 = 2*g + 13 - 15. What is the highest common divisor of g and x?
1
Let o(h) = -4*h + 3. Let w be o(-4). Suppose d - 4*d = -57. What is the greatest common divisor of d and w?
19
Let d(z) = 3*z - z**2 + 18 + 2*z**2 - 19. Let b be d(-4). Calculate the highest common divisor of 21 and b.
3
Let u(x) = x**2 - 3*x - 4. Let b be u(6). Let d(h) = -19*h - 1. Let s be 13/(-5) + 4/(-10). Let n be d(s). Calculate the highest common divisor of b and n.
14
Let j(s) = s**3 - 4*s**2 + 3. Let w be j(4). Let t(q) = -2*q - 4. Let p be t(-3). Suppose p = -w*y + 26. What is the greatest common divisor of y and 12?
4
Let a(v) = -v**3 + 2*v**2 - 1. Let o be a(2). Let i be ((-400)/30)/(o/3). Calculate the highest common divisor of 5 and i.
5
Let t(z) = 7*z**2 + 2*z - 2. Let g be t(1). Suppose 3 = 3*b + 15. Let s = b + g. What is the greatest common factor of 9 and s?
3
Let k(r) = r**2 - 2*r + 5. Let p be k(5). Calculate the highest common factor of p and 140.
20
Let j(n) = -n**2 + 14*n - 6. Let d be j(5). Calculate the highest common factor of d and 13.
13
Let l = 307 + -197. Calculate the greatest common divisor of l and 44.
22
Suppose 0 = -m + 22 + 167. Suppose -2*a + 3*a - 21 = 0. What is the highest common factor of m and a?
21
Let q be 1/(-4) + (-2)/(-8). Suppose 5*k - 5*g - 47 - 33 = q, 0 = -k + 5*g + 12. Calculate the highest common factor of k and 153.
17
Suppose -35 - 35 = -2*a. What is the highest common factor of a and 7?
7
Suppose 0*y - 335 = -5*y - 4*n, 0 = 5*n - 25. Let j be y/5 + 4/10. What is the greatest common factor of j and 13?
13
Let y = -179 + 126. Let w be -237*((-4)/(-6) + -1). Let u = w + y. What is the highest common divisor of 39 and u?
13
Suppose 4*y - a = -3*a + 4, -2*y + 4*a = -2. Suppose -3*q + 28 = q. Calculate the greatest common factor of q and y.
1
Suppose 0 = 2*g - 0*g - 30. Let u = 10 - 14. Let f(w) = -4*w - 1. Let j be f(u). What is the greatest common divisor of j and g?
15
Suppose 26 = -p + 3*p. Calculate the highest common factor of 13 and p.
13
Let j = 15 + 36. Let k(w) = -w**3 + 6*w**2 + 4*w - 4. Let h be k(5). Let n = 75 - h. Calculate the greatest common divisor of j and n.
17
Let h = 5 - -1. Calculate the highest common factor of h and 54.
6
Let n = 91 + -62. What is the highest common factor of 87 and n?
29
Let j(w) = -w**3 - 6*w**2 - 9*w - 9. Let u be j(-6). Calculate the highest common divisor of 18 and u.
9
Suppose -5*g - 31 = -k, 36 = -2*k + 4*g + 92. Suppose 68 = 2*c + 2*d, 0 = 2*c + 4*d - 26 - 32. What is the greatest common factor of c and k?
13
Suppose -t - 4 = -c, 3*c - 5*t = 1 + 3. Suppose -4*j = -c*j + 8. Suppose j = -q + 3. What is the greatest common divisor of q and 4?
1
Let b = -16 - -7. Let j(x) = -3*x - 2. Let c be j(b). Calculate the greatest common divisor of c and 225.
25
Suppose -2*s = -243 + 47. Let g be s/5 + 14/35. What is the highest common factor of g and 220?
20
Suppose 0 = 2*x - 7*k + 4*k - 90, 5*x - 225 = -3*k. Let o = 67 + -40. Suppose 12 - o = -p. What is the highest common factor of x and p?
15
Suppose 3*b + 2*h + 3 = 86, 4*b - 109 = -h. Let k be b/18*(-4)/(-6). What is the highest common divisor of 9 and k?
1
Let b = 9 + -7. Let y be -12*(25/b)/(-5). Suppose 2*l = -5 + 15. What is the greatest common divisor of l and y?
5
Let f(c) = 60*c. Let h be f(1). Calculate the highest common divisor of h and 24.
12
Suppose 4*s + 241 = -127. Let u be 7/(-21) - s/6. Calculate the greatest common factor of u and 6.
3
Let g(q) = -5*q + 1. Let k be g(-1). Let y be ((-4)/k)/(1/(-18)). Calculate the highest common divisor of 18 and y.
6
Suppose 0 = -4*l + 4 + 60. Calculate the highest common factor of 2 and l.
2
Suppose -4*l = -2*l. Suppose -5*c + 5 = -l*c. What is the highest common divisor of 1 and c?
1
Suppose -3*k = 3*r - 3, 3*r + 3*k = r + 2. Let y be 45 + r/2*-6. Calculate the highest common factor of y and 6.
6
Suppose 0 = 31*c - 27*c - 96. Calculate the highest common divisor of c and 16.
8
Let u be (-20)/(-6)*(-12)/(-5). Suppose 35 = 5*a + 15. Suppose 27 + 21 = a*h. What is the highest common factor of u and h?
4
Let v be 24/(-108) - 569/(-9). Calculate the greatest common divisor of 27 and v.
9
Let o(l) = l. Let j(w) = -6*w**2 + w - 2. Let x(q) = -j(q) + 4*o(q). Let d be x(-2). What is the greatest common divisor of 10 and d?
10
Suppose 5*a = 4*k - 105, -70 = 5*a + 2*k + 35. Let h = -14 - a. Suppose -5*g = -g - 5*f - 239, -g + 44 = 4*f. What is the highest common factor of h and g?
7
Let z be 1/3 - (-2 + (-415)/15). What is the greatest common factor of z and 3?
3
Let w be (9/2 - 2)*2. Suppose w*g - 57 = 48. What is the greatest common divisor of g and 7?
7
Let a = -167 - -187. Let q(w) = w**3 + 7*w**2 - 4*w. Let n be q(-6). Calculate the greatest common factor of n and a.
20
Let i = -7 + 11. Suppose i = -2*f - 2. Let n be (-33)/6*(f + 1). What is the greatest common divisor of n and 77?
11
Let v be 2/(-1) + 17 + -2. Calculate the highest common divisor of v and 26.
13
Suppose 0*b = -5*b + 115. Suppose 25 = 2*m - b. Suppose -3*t + 12 = 2*w, -4*w = 3*t - m + 6. Calculate the greatest common divisor of w and 12.
3
Suppose 0*q = -2*q + 250. Suppose 0*y - 4*y + 5*p = -101, -q = -5*y + 5*p. Let s(a) = -2*a + 2. Let o be s(-3). Calculate the highest common divisor of o and y.
8
Let w(l) = -2*l**2 + 6*l - 1. Let a be w(5). Let h = a + 39. What is the highest common factor of h and 6?
6
Suppose 2*j + 5*m = 43, 5*j - 2*m - 67 = -m. Suppose -26*l = -78 - 3198. Calculate the highest common divisor of l and j.
14
Let z be (-2)/4*2 + 70. Suppose -z = -3*p + 3. What is the highest common factor of p and 8?
8
Let v(a) = 0*a + a + 5 + 1 - 3*a + 6*a**2. Let l be v(-4). What is the highest common divisor of l and 10?
10
Let h(a) = a + 12. Let r be h(-11). Calculate the highest common factor of r and 7.
1
Let x(l) = 24*l**2 + 50*l + 60. Let a(m) = 5*m**2 + 10*m + 12. Let y(u) = -14*a(u) + 3*x(u). Let s be y(-8). Calculate the greatest common factor of s and 24.
12
Let q = 6 - 3. Suppose q*l - 1 = 2. What is the greatest common factor of l and 2?
1
Let s(w) = -w**2 + 8*w - 8. Let b be s(6). Suppose 0 = b*x + 20, -a - x + 3 = x. Let v = 51 + -12. What is the greatest common divisor of a and v?
13
Let z = -43 - -51. Let h(l) = l**3 - 5*l**2 + 4*l + 4. Let k be h(6). Calcu